1 (base 13) to base 15
-2b13b5
What is -23300303 (base 5) in base 12?
-a302a
-2122d (base 16) to base 9
-226155
-34211542 (base 7) to base 10
-2977858
-203054 (base 11) to base 6
-10553550
-200022103 (base 4) to base 9
-220627
675367 (base 8) to base 4
313223313
What is 118203 (base 10) in base 5?
12240303
Convert -24a5 (base 15) to base 16.
-1e7d
What is -536624 (base 7) in base 14?
-26184
Convert -10325535 (base 8) to base 2.
-1000011010101101011101
What is -214413212 (base 5) in base 9?
-1675148
What is 10010110100010111 (base 2) in base 10?
77079
Convert -3270362 (base 8) to base 2.
-11010111000011110010
135033225 (base 7) to base 6
513145000
-173503 (base 8) to base 7
-352355
Convert 110101010101010 (base 2) to base 10.
27306
Convert -207663 (base 10) to base 16.
-32b2f
Convert 4216242 (base 10) to base 6.
230211350
What is -6014073 (base 8) in base 12?
-64198b
Convert 24601115 (base 7) to base 15.
2dc6d8
What is -13203230 (base 4) in base 6?
-355152
What is -38732733 (base 9) in base 6?
-1515555220
What is 311021243 (base 6) in base 7?
63426105
Convert -4248 (base 10) to base 2.
-1000010011000
What is -48954 (base 12) in base 16?
-17f50
What is -653265 (base 8) in base 13?
-78792
Convert 11c0d0 (base 15) to base 6.
30122223
Convert 306146 (base 8) to base 16.
18c66
What is 644402 (base 8) in base 10?
215298
What is 2121211202211 (base 3) in base 15?
1c825a
What is -440608 (base 13) in base 10?
-1600438
What is 3449857 (base 10) in base 16?
34a401
Convert -2214414 (base 6) to base 2.
-11011001001001010
What is 76339 (base 11) in base 2?
11011000100011110
87aa (base 14) to base 7
125303
Convert 14303101 (base 6) to base 5.
111144243
Convert 101032201 (base 5) to base 2.
1100011101101101010
Convert 37476 (base 12) to base 3.
10210211200
-13203310112 (base 4) to base 2
-111100011110100010110
Convert -1250250425 (base 6) to base 7.
-240204056
-337734 (base 8) to base 11
-7915a
Convert -24607 (base 14) to base 11.
-60951
-20340243 (base 5) to base 14
-45422
What is 4db7b (base 15) in base 3?
110122111222
What is -2443404041 (base 5) in base 16?
-5920fa
Convert 410112313 (base 5) to base 11.
a2376a
Convert -413333322 (base 5) to base 11.
-a60709
Convert -10112 (base 9) to base 6.
-50445
11000111011100110100 (base 2) to base 8
3073464
Convert -2dd29 (base 15) to base 3.
-21112010210
Convert 2202211220221 (base 3) to base 11.
916971
Convert -70460 (base 9) to base 13.
-180cc
Convert -12a382 (base 16) to base 6.
-42103042
-221514 (base 7) to base 2
-1001100001100111
What is 10222100022222 (base 3) in base 12?
85a898
What is -12568a (base 12) in base 9?
-506357
-23877b9 (base 13) to base 10
-11012699
Convert -6795be (base 15) to base 2.
-10010110110100111100000
What is 36040101 (base 7) in base 4?
30021320001
What is -244a859 (base 12) in base 16?
-6bdc45
Convert 115310430 (base 6) to base 4.
20131122102
Convert 9b3e (base 16) to base 13.
15121
-101340414 (base 5) to base 13
-11849b
Convert 220366456 (base 7) to base 13.
2989198
a55c7 (base 14) to base 4
1201122323
-1d8f3c (base 16) to base 3
-10122102100121
6802777 (base 9) to base 4
31332110131
What is -333031012 (base 4) in base 15?
-51a91
What is -101000100011100100011 (base 2) in base 6?
-44252243
Convert -201254 (base 6) to base 3.
-210202221
6a014b (base 12) to base 14
323a43
50324323 (base 8) to base 12
366b103
1753947 (base 12) to base 4
102131022013
What is -343236 (base 11) in base 7?
-4432545
-4ba035 (base 13) to base 15
-25e9dc
211122012020 (base 3) to base 8
1546170
Convert -4659b8 (base 12) to base 6.
-40114352
Convert -2769e7 (base 15) to base 4.
-13032303001
Convert 11222122302 (base 4) to base 15.
1e4c96
-64123214 (base 7) to base 14
-a1677b
What is 810cbb (base 15) in base 9?
12470645
What is -1120345 (base 10) in base 16?
-111859
Convert -10124563 (base 8) to base 7.
-24123421
Convert 11001001011000101101 (base 2) to base 9.
1486460
What is 8a477 (base 13) in base 2?
111101010101100000
What is -4702939 (base 10) in base 13?
-c88807
What is -11220253 (base 7) in base 16?
-ef320
Convert 111000101010100 (base 2) to base 4.
13011110
Convert -4204ee (base 16) to base 2.
-10000100000010011101110
What is 61410 (base 9) in base 11?
28413
Convert 303472 (base 8) to base 5.
11201104
-164886 (base 10) to base 6
-3311210
Convert 12132110310 (base 4) to base 10.
1697076
-11030121031 (base 4) to base 8
-5143115
What is 869c5c (base 13) in base 9?
5851557
-6157312 (base 8) to base 12
-66728a
What is -39a8b (base 12) in base 15?
-18772
Convert 10303012140 (base 5) to base 9.
22602883
-16025160 (base 7) to base 4
-11313000231
Convert 4410122 (base 8) to base 4.
10201001102
1754800 (base 11) to base 14
5775dd
Convert -111d74 (base 15) to base 11.
-508420
What is 72062 (base 10) in base 15?
16542
Convert -2012120000222 (base 3) to base 5.
-300003013
1778671 (base 10) to base 7
21055426
-7566b (base 12) to base 2
-100101110001110011
Convert -21b77d (base 14) to base 15.
-179721
What is 6155513 (base 9) in base 4?
30201321102
What is -3155105 (base 6) in base 14?
-40881
Convert 1010202112 (base 4) to base 12.
11655a
Convert 636133 (base 11) to base 14.
1c71ac
What is -145355 (base 9) in base 15?
-1b68b
Convert 6a85a0 (base 11) to base 16.
1126ef
What is -202322032 (base 5) in base 12?
-338600
Convert 204620 (base 12) to base 8.
1733170
-26614246 (base 9) to base 11
-7450193
Convert -438115 (base 9) to base 16.
-3feae
Convert -130576 (base 11) to base 8.
-621536
1022210011210 (base 3) to base 15
dda63
11213300322 (base 4) to base 10
1473594
Convert -110212002122111 (base 3) to base 14.
-c9bab1
What is 11533142 (base 8) in base 9?
4686163
142222241 (base 5) to base 16
b5334
d622c (base 16) to base 3
1122120011012
What is -24112 (base 15) in base 9?
-184658
13144312 (base 6) to base 14
b416c
What is -8fa11 (base 16) in base 2?
-10001111101000010001
-12233431 (base 6) to base 5
-100042444
Convert 10403341 (base 5) to base 12.
44874
3622631 (base 7) to base 12
1a1b75
-20c558 (base 13) to base 3
-1110010001122
-a0613 (base 12) to base 10
-208239
617778 (base 10) to base 5
124232103
-9a1943 (base 13) to base 4
-31312132230
What is 10100011010001110100 (base 2) in base 4?
2203101310
-1bb15 (base 12) to base 11
-29077
Convert -11010000010011101 (base 2) to base 13.
-39711
What is -10100010010101010111110 (base 2) in base 3?
-101000020210021
What is -110110110001010010 (base 2) in base 4?
-312301102
Convert 110010101100111101 (base 2) to base 8.
625475
What is 851973 (base 12) in base 16?
200127
-1ee41 (base 15) to base 10
-101086
What is 146266 (base 12) in base 4?
1103213232
20213010 (base 5) to base 4
213322301
Convert 23026 (base 7) to base 16.
16db
Convert 21e110 (base 16) to base 15.
2dcd04
848b10 (base 16) to base 7
133555433
Convert 310113100 (base 5) to base 9.
2321330
What is 113244021 (base 5) in base 6?
15130010
Convert -2120022222 (base 3) to base 16.
-c56f
What is -205112230 (base 6) in base 4?
-31233122322
-22022122010021 (base 3) to base 11
-254aa11
Convert 49c5b (base 14) to base 8.
541071
Convert 23545d (base 16) to base 8.
10652135
Convert 1000012201102022 (base 3) to base 6.
1233543142
What is -31223231223 (base 4) in base 10?
-3586923
184852 (base 9) to base 11
79570
Convert 426038 (base 13) to base 8.
5736103
What is 323240422 (base 5) in base 12?
568a1a
What is -30211010211 (base 4) in base 3?
-20012112102100
What is -46a7cc (base 14) in base 6?
-123401012
What is -7265528 (base 10) in base 8?
-33556370
-8161850 (base 11) to base 6
-1233052323
Convert -dce3 (base 15) to base 9.
-71156
-2204332 (base 6) to base 15
-2283b
Convert -1315952 (base 11) to base 9.
-4250603
Convert 826792 (base 12) to base 16.
1f2ede
-11010001101001110011 (base 2) to base 8
-3215163
What is -e806 (base 15) in base 10?
-49056
What is -321032323 (base 4) in base 6?
-5005151
Convert 235454450 (base 6) to base 14.
8454d0
-301212301 (base 4) to base 6
-4204401
Convert 1011101110101111000000 (base 2) to base 13.
838841
What is 10c62 (base 13) in base 15?
9149
What is 2222212140 (base 5) in base 3?
100012001002010
-1313020440 (base 5) to base 8
-14316252
-51630504 (base 7) to base 12
-1555836
Convert -120021010122 (base 3) to base 14.
-7b6c6
Convert 23400020 (base 5) to base 2.
110100101001010011
Convert -1040240